 98. Calculate the highest common factor of 33 and x.
11
Let a be 2*2/2*2. Suppose -3*i = -o - 0*i + 6, 3*o = a*i + 3. Let g be 1 + 0/(1*o). Calculate the greatest common factor of 8 and g.
1
Suppose -3 - 3 = -4*q - 3*g, -5*g - 4 = 2*q. Suppose 2*w + 2*w - 12 = 0. What is the greatest common factor of q and w?
3
Suppose 17 - 7 = 2*b. Let y be 22/4 - (-2)/(-4). Calculate the greatest common factor of b and y.
5
Let w = -3 - 2. Let f(b) = b**3 + 4*b**2 - 8*b - 7. Let x be f(w). What is the highest common divisor of 4 and x?
4
Let k(x) = -x**2 + 13*x + 3. Let c be k(6). Calculate the greatest common factor of 15 and c.
15
Let j(d) = -2*d**2 + 7*d + 9. Let r be j(4). What is the greatest common factor of r and 55?
5
Let u(i) = i**3 + 42. Let r be u(0). Suppose -3*z - 3*d = -8*d - 64, 0 = -z - 4*d + 44. What is the greatest common factor of r and z?
14
Let y(t) = t**2 + 5 - 6 - 2*t - 1. Let d be y(3). Let m be (d/(-2))/((-3)/120). What is the highest common factor of 30 and m?
10
Let a be 2 - (-8)/(2 - 3). Let x(m) = -m**3 - 6*m**2 - m + 4. Let s be x(a). Let h be 3*-21*10/(-9). Calculate the greatest common divisor of h and s.
10
Let o(f) be the first derivative of -15*f**2/2 - 3*f + 2. Let d be o(-1). Calculate the greatest common divisor of d and 4.
4
Let f be (-2)/(0 + (-4)/(-6)). Let a = -1 - f. Suppose 0*b = -a*b + 24. Calculate the highest common factor of 24 and b.
12
Let p = -98 + 50. Let k be (-1)/((-2)/6) - p. Let g be k/3 + 1 + -3. What is the highest common factor of 10 and g?
5
Let x = 3 - -5. Let g = -3 + x. Suppose -139 = -5*r + 136. What is the highest common divisor of g and r?
5
Let x be (80/6)/(5/15). What is the highest common divisor of x and 60?
20
Suppose 4*p = -3*a + 27, -32 = a - 3*a + 2*p. Calculate the greatest common factor of 65 and a.
13
Suppose -378 = -3*y - 3*k, -y + 0*k + 121 = -4*k. Calculate the highest common factor of y and 50.
25
Let a = 130 - 88. What is the highest common factor of 63 and a?
21
Suppose -4*i + 2*n - 34 = -5*i, -n - 74 = -3*i. Calculate the highest common factor of i and 13.
13
Suppose -2*y - 2*v = -36, -3*y + y + 4*v = -54. What is the greatest common divisor of y and 14?
7
Let t(z) = 2*z - 4. Let i be t(4). Let r(c) = -25*c. Let y(a) = 3*a. Let l(o) = 3*r(o) + 30*y(o). Let p be l(i). What is the greatest common factor of 15 and p?
15
Suppose -5*q - 15 = 0, -19*x + 24*x - 1977 = -q. What is the greatest common factor of x and 36?
36
Let t(g) = -g**2 - 5*g + 20. Let n be t(-7). Suppose -2*u - 29 = -113. Calculate the highest common factor of u and n.
6
Let h be ((-165)/10)/(2/(-16)). Let v(n) = 3*n**2 + n - 2. Let y be 16/7 + (-4)/14. Let r be v(y). What is the greatest common factor of h and r?
12
Let j(x) = -2*x**2 + 14*x + 4. Let w be 2 + -5 + 7 - -3. Let v be j(w). What is the highest common divisor of v and 4?
4
Let j = 24 - 25. Suppose 2*a + 18 = 4*g, 8 = 3*a - 4*g + 31. Let l be (0 - -1)/j*a. What is the highest common factor of 1 and l?
1
Let i be 7*(2592/(-14))/(-6). Suppose 2*w - 120 = -3*w. What is the highest common divisor of i and w?
24
Suppose j + 3*j - h = 122, -2*h - 94 = -3*j. What is the greatest common divisor of j and 45?
15
Let a = 49 + -19. What is the highest common divisor of a and 90?
30
Suppose 10*z - 627 - 3 = 0. What is the highest common divisor of 7 and z?
7
Let h(x) be the second derivative of -81*x**5/20 - x**4/12 - x**3/6 - x**2/2 + 2*x. Let o be h(-1). What is the greatest common divisor of o and 20?
20
Let p = 45 - 19. Let m be (8 + -1)*130/7. What is the highest common divisor of p and m?
26
Suppose 0 = -6*d + 6 + 6. Calculate the greatest common divisor of d and 6.
2
Suppose 0 = 4*a - j + 20, 4*a + 3*j - j + 20 = 0. Let m be 0 - (-3)/1 - a. What is the highest common divisor of m and 48?
8
Suppose 2*c = 4*n + 108, n + 97 + 40 = 3*c. Calculate the greatest common divisor of c and 4.
4
Suppose 0 = -g - 3*g. Suppose 15 = -g*h + h + 2*q, 0 = 5*h + 3*q - 89. Calculate the greatest common factor of 19 and h.
19
Let o be (-1 - 8)*(-3)/(-3). Let g = o + 13. Calculate the greatest common factor of g and 36.
4
Let n(z) = 2*z**2 - 12*z + 19. Let l be n(6). Calculate the greatest common factor of l and 19.
19
Let q be 205/15 - 2/3. Suppose p - j + 48 = 5*p, -2*j = 2*p - 18. What is the greatest common factor of p and q?
13
Let j(d) = -d**2 + 9*d + 12. Let z be j(9). Let o be 7 + z/(-3)*-1. Calculate the greatest common divisor of 11 and o.
11
Let n(f) = f + 12. Let v be n(-8). Suppose 0 = -2*r - 3*r - v*h - 67, -3*h - 31 = 2*r. Let p = r + 22. What is the greatest common factor of 33 and p?
11
Let p = 68 + -59. Suppose a - 3*l - 2 = -l, 0 = 2*a - l - 10. What is the highest common factor of p and a?
3
Let y = 5 - 4. Let z = y + 0. Suppose 2*a = -2*o, 4*a - 2 = -3*o + z. Calculate the greatest common factor of 24 and a.
3
Let i(k) = k + 3. Let t be i(2). Suppose 4*y + 5*z - 3 = 0, -2*y = -7*y + t*z + 15. What is the greatest common factor of y and 2?
2
Suppose 3*u - 2 = 4. Calculate the highest common divisor of u and 22.
2
Let a = 3 + -2. Let u(o) = 41*o**2 - 2*o + 1. Let s be u(a). Calculate the greatest common divisor of 100 and s.
20
Let b be (-2)/1 - -68*2. Let f = b - 90. Suppose 18*w - 24*w = -132. Calculate the greatest common divisor of w and f.
22
Let o = 200 - 340. Let s = o + 298. Suppose -7*f = -3*f + 5*h - s, 82 = 2*f + h. Calculate the highest common factor of 28 and f.
14
Let p = -145 - -278. What is the greatest common divisor of 19 and p?
19
Let d = 48 + -32. What is the greatest common divisor of d and 4?
4
Suppose 2*o - 261 = -x, 0*x = 5*o + 3*x - 650. Let g = o - 70. What is the highest common factor of g and 9?
9
Let w = -100 + 169. Let i = w + -45. What is the highest common divisor of 16 and i?
8
Let r = 35 + -5. Let a = 41 - 29. What is the highest common factor of a and r?
6
Let b = -271 - -478. Let h = 332 - b. Calculate the greatest common factor of h and 25.
25
Suppose -5*x - 15 = -y, 4*y - 2*y = 2*x - 2. Let t be (-17)/x - 6/24. Let r = -1 + t. What is the greatest common divisor of 21 and r?
3
Let b = 89 + 22. Calculate the highest common factor of b and 37.
37
Let o(f) = -f**2 + 11*f - 7. Let t be o(9). Let x = 20 - t. Calculate the greatest common divisor of 36 and x.
9
Let h = 18 - 7. What is the greatest common divisor of h and 77?
11
Let r = -411 - -581. Suppose r = -0*g + 5*g. Suppose -4*k + g = 2*f + 2, 0 = -5*k. Calculate the greatest common factor of f and 16.
16
Let h(k) = k**3 + 3*k**2 + k + 3. Let b be h(-3). Suppose 189 = -b*c + 3*c. Calculate the greatest common factor of c and 9.
9
Let s = 1 + 2. What is the greatest common divisor of s and 24?
3
Suppose 5*u - 233 = 3*h - 5, -4*h - 128 = -3*u. Calculate the greatest common factor of u and 12.
12
Suppose -4*b = -3*b - 40. Let g(c) = -c**2 + c + 8. Let z be g(6). Let m = -12 - z. What is the greatest common factor of b and m?
10
Suppose t = 24 + 3. What is the highest common divisor of t and 3?
3
Suppose -5*y - 5*w - 10 = 0, 0 = -0*y - y + 2*w + 10. Let h = 41 + -31. Calculate the greatest common factor of h and y.
2
Suppose -s - 4*s - 5*a = -1170, -1146 = -5*s + 3*a. Calculate the highest common factor of 21 and s.
21
Let q(y) = -5*y - 3. Suppose -2*v + 0*o + 2*o = -2, -4*o - 22 = 5*v. Let w be q(v). Suppose -w = -5*j + 68. What is the greatest common divisor of j and 3?
3
Let f be (-2)/(-7) - 1211/(-49). Suppose 5 = q - f. Calculate the greatest common factor of q and 75.
15
Let a(j) = -4*j**3 + 2*j**2 + j + 1. Let x be a(-2). What is the highest common divisor of x and 26?
13
Let p be 1/(-1) + -1 + 24. Suppose -2*f + 99 = -121. What is the highest common factor of f and p?
22
Let v = 127 - 123. Calculate the greatest common divisor of v and 2.
2
Let p = 16 + -8. Let w be (-250)/(-7) - p/(-28). What is the greatest common divisor of w and 90?
18
Suppose 9*n - 6*n = 231. Calculate the highest common divisor of n and 11.
11
Let p(a) = -a + 39. Let w be p(0). Suppose -3*y + 0*y + w = 0. Calculate the highest common factor of y and 39.
13
Let x(j) = 4*j**2 + 2*j. Let y be x(-2). Let r(d) = 7*d**3 + 2*d**2 - d. Let i be r(1). What is the highest common divisor of i and y?
4
Suppose -2*g + 5*g = 0. Suppose -4*y + 20 = g, -4*n - 2*y + 1 = -33. What is the highest common divis